osite?
False
Is 10658837414 a composite number?
True
Is 878317330387 prime?
False
Is 192697772441 a composite number?
True
Is 134846392753 composite?
True
Is 10846204751 a composite number?
True
Is 49558820851 composite?
False
Is 11922971239 a prime number?
True
Is 7473144403 a composite number?
True
Is 8037997 a prime number?
False
Is 5002374937 prime?
False
Is 1442894399 a composite number?
False
Is 157598387 a prime number?
False
Is 810002411 composite?
False
Is 30702669121 composite?
False
Is 151053623023 a prime number?
True
Is 17627773733 a composite number?
True
Is 23470429 prime?
False
Is 1267800899 a composite number?
False
Is 12597450241 composite?
True
Is 304519337 prime?
True
Is 37062425623 a prime number?
False
Is 14644006207 composite?
True
Is 5190560129 composite?
False
Is 14342775467 prime?
True
Is 106909262119 a composite number?
True
Is 15141544739 composite?
False
Is 3106860959 a composite number?
True
Is 39027678233 composite?
False
Is 4275342821 prime?
True
Is 63927359149 composite?
False
Is 597412577 a prime number?
False
Is 653813257 a prime number?
False
Is 703173053 a composite number?
True
Is 4054423183 a composite number?
True
Is 14703594007 prime?
False
Is 221068619 composite?
False
Is 1709726923 a prime number?
True
Is 9749968409 a prime number?
False
Is 12443674549 prime?
True
Is 5170028879 prime?
True
Is 171301309313 a prime number?
False
Is 46311829 composite?
False
Is 19606650379 a prime number?
True
Is 7644692591 a prime number?
True
Is 1155948085 composite?
True
Is 1848596569 a composite number?
False
Is 30785067689 composite?
True
Is 19277159477 a prime number?
True
Is 1092669971 a prime number?
False
Is 3864455159 a composite number?
True
Is 183614963 a composite number?
True
Is 19372305371 prime?
True
Is 1730448059 a composite number?
False
Is 8723932541 a prime number?
True
Is 5696927641 a composite number?
False
Is 1062622003 a composite number?
False
Is 10730392249 prime?
True
Is 58069242653 composite?
False
Is 226057781 a prime number?
True
Is 1684576717 a prime number?
False
Is 22650241154 a prime number?
False
Is 30912499 a prime number?
False
Is 65323342463 a composite number?
True
Is 5119904687 a composite number?
True
Is 61818055217 prime?
True
Is 25088541251 composite?
True
Is 1021573073 composite?
False
Is 690580417 composite?
True
Is 165288448991 a prime number?
True
Is 9028412231 prime?
False
Is 263353169 composite?
True
Is 7945868801 prime?
False
Is 75778553867 prime?
True
Is 884808143 prime?
True
Is 140685117047 a composite number?
True
Is 3505524595 composite?
True
Is 2417562607 a composite number?
True
Is 273242621 a composite number?
False
Is 39044333071 a composite number?
False
Is 972978271 a composite number?
False
Is 293655991 composite?
False
Is 10069562779 a prime number?
False
Is 801959539 composite?
False
Is 1177270891163 a composite number?
False
Is 33227251 prime?
True
Is 30742249 prime?
True
Is 928490527 prime?
True
Is 49702626959 composite?
False
Is 608047799 prime?
True
Is 6178062437 a composite number?
True
Is 3326222971 composite?
False
Is 21577281811 composite?
False
Is 3817286995 prime?
False
Is 3508587167 prime?
True
Is 2998395847 composite?
True
Is 569911759 a composite number?
True
Is 7338773371 composite?
False
Is 57550848151 composite?
False
Is 2279449697 composite?
True
Is 1180293706 a prime number?
False
Is 47687056503 composite?
True
Is 1293229877 prime?
True
Is 13303711997 prime?
True
Is 1160536313 a prime number?
False
Is 13770696481 prime?
False
Is 74952673793 composite?
False
Is 77429239 prime?
True
Is 21944508493 a prime number?
True
Is 8785545115 a prime number?
False
Is 3004877107 prime?
True
Is 1874201639 a prime number?
True
Is 3077467147 prime?
True
Is 4622565971 prime?
False
Is 317028743 prime?
True
Is 101198331538 composite?
True
Is 4202272957 a composite number?
True
Is 573486607 prime?
True
Is 29124777949 a prime number?
False
Is 20867814151 prime?
False
Is 147123589 a composite number?
False
Is 1848748169 a composite number?
True
Is 4252099073 a prime number?
True
Is 782967011 composite?
True
Is 13559827057 a composite number?
True
Is 45001315549 a composite number?
False
Is 3985204451 a composite number?
False
Is 475533073 prime?
False
Is 1551157409 a composite number?
False
Is 2393391023 a composite number?
True
Is 756192847 prime?
False
Is 439159067 a composite number?
False
Is 10885383326 prime?
False
Is 6195810853 a prime number?
True
Is 763693769 a composite number?
False
Is 17116017151 a composite number?
True
Is 80336083783 prime?
True
Is 1429837699 a composite number?
False
Is 87788343635 prime?
False
Is 37621049 composite?
False
Is 17722934457 a prime number?
False
Is 2226311617 prime?
True
Is 6725426111 a prime number?
False
Is 406670801 composite?
False
Is 3233745323 prime?
True
Is 10252182331 a prime number?
True
Is 167487985261 composite?
True
Is 5442551299 prime?
True
Is 5828407441 a composite number?
True
Is 851318077 a composite number?
True
Is 139710677 a composite number?
False
Is 189756617 a prime number?
True
Is 33397605673 a composite number?
False
Is 23087144783 prime?
True
Is 23491965793 a prime number?
True
Is 1273505939 a composite number?
True
Is 8667055589 prime?
False
Is 12044189219 a prime number?
True
Is 235503349 composite?
False
Is 695888467 composite?
True
Is 7768549519 a composite number?
True
Is 19790134993 prime?
False
Is 57931163 a prime number?
False
Is 43502315387 prime?
False
Is 2389794413 a prime number?
True
Is 7338204933 prime?
False
Is 16685383789 prime?
False
Is 74887796927 a prime number?
True
Is 533569873 a prime number?
True
Is 569529341 a composite number?
True
Is 7669953979 a prime number?
False
Is 904219639 a composite number?
False
Is 2391175867 a composite number?
False
Is 75220904849 composite?
False
Is 470941901 a prime number?
False
Is 19127816929 composite?
True
Is 1088906153 a composite number?
False
Is 4243188245 a prime number?
False
Is 19569391757 composite?
False
Is 780244683 composite?
True
Is 3643201 composite?
False
Is 504648827 a prime number?
True
Is 3287450251 a composite number?
False
Is 92454337 prime?
False
Is 68235221 a prime number?
False
Is 60379139 composite?
False
Is 69546563 a composite number?
False
Is 1331437427 a composite number?
False
Is 1049371033 prime?
False
Is 28502139481 a prime number?
True
Is 67634412479 a prime number?
True
Is 17389285627 a composite number?
True
Is 1039773599 a composite number?
False
Is 7280423011 a composite number?
False
Is 6195974471 composite?
False
Is 894981741 composite?
True
Is 7963976743 prime?
True
Is 1865200427 prime?
True
Is 48547353601 a composite number?
False
Is 25291259965 a prime number?
False
Is 15946549781 a composite number?
False
Is 3574592059 a composite number?
True
Is 557587061 a composite number?
True
Is 16043633 prime?
True
Is 29352947933 a composite number?
True
Is 23326639411 a prime number?
True
Is 62636988559 prime?
False
Is 2345071334 composite?
True
Is 84005279341 a composite number?
False
Is 364395071 composite?
False
Is 1093586509 a prime number?
False
Is 2936582809 a prime number?
True
Is 671415169 composite?
False
Is 178556579 a prime number?
True
Is 809688181 prime?
True
Is 2258640653 a prime number?
True
Is 4538352683 composite?
True
Is 10595205979 composite?
False
Is 223994917 a prime number?
False
Is 16687950169 prime?
False
Is 31383263455 a composite number?
True
Is 87571397957 prime?
True
Is 20218969 a composite number?
False
Is 304482263 composite?
True
Is 94865657 prime?
False
Is 149647441355 a composite number?
True
Is 230434543 prime?
True
Is 3113985377 composite?
False
Is 1914810097 prime?
False
Is 844043033 prime?
True
Is 5403903347 a composite number?
False
Is 7769666263 composite?
False
Is 16156694713 a composite number?
True
Is 94991363 a composite number?
False
Is 353035367 prime?
True
Is 1061509513 a prime number?
True
Is 4072015957 a composite number?
False
Is 1077725419 a composite number?
True
Is 158890037 prime?
True
Is 1860043867 prime?
False
Is 1834393879 a composite number?
True
Is 5285293309 a composite number?
False
Is 210282001 a prime number?
True
Is 12230686207 a prime number?
True
Is 5610923339 a composite number?
True
Is 4517217713 composite?
True
Is 1567676498 prime?
Fal